hen 12505779 is divided by 343?
342
Calculate the remainder when 13735 is divided by 2619.
640
What is the remainder when 4835279 is divided by 56?
15
Calculate the remainder when 28582 is divided by 1217.
591
Calculate the remainder when 16930980 is divided by 86.
74
Calculate the remainder when 55420740 is divided by 5038249.
1
What is the remainder when 293146 is divided by 1577?
1401
Calculate the remainder when 342921 is divided by 256.
137
Calculate the remainder when 1285133 is divided by 5667.
4391
What is the remainder when 3901742 is divided by 780286?
312
Calculate the remainder when 115855808 is divided by 29.
25
Calculate the remainder when 11541 is divided by 2356.
2117
What is the remainder when 900755 is divided by 232?
131
What is the remainder when 87515777 is divided by 83?
79
Calculate the remainder when 30769098 is divided by 50.
48
What is the remainder when 31024 is divided by 5842?
1814
Calculate the remainder when 189058660 is divided by 103.
100
Calculate the remainder when 269074 is divided by 134504.
66
Calculate the remainder when 66489 is divided by 16600.
89
What is the remainder when 9187 is divided by 1264?
339
What is the remainder when 401606 is divided by 12955?
1
Calculate the remainder when 1482458 is divided by 301.
33
Calculate the remainder when 2612955 is divided by 34.
21
Calculate the remainder when 4572105 is divided by 9274.
23
Calculate the remainder when 2008206 is divided by 334696.
30
What is the remainder when 2481525 is divided by 413531?
339
What is the remainder when 664632 is divided by 664624?
8
Calculate the remainder when 158482 is divided by 8792.
226
What is the remainder when 8845408 is divided by 132021?
1
What is the remainder when 5280183 is divided by 728?
727
Calculate the remainder when 24567020 is divided by 22.
16
Calculate the remainder when 46358 is divided by 876.
806
What is the remainder when 1155231 is divided by 134?
17
Calculate the remainder when 16911114 is divided by 1860.
1854
What is the remainder when 23946 is divided by 11637?
672
Calculate the remainder when 65760 is divided by 21612.
924
Calculate the remainder when 7656504 is divided by 303.
300
What is the remainder when 940927 is divided by 10448?
607
What is the remainder when 26629351 is divided by 113?
110
What is the remainder when 187608 is divided by 163?
158
Calculate the remainder when 42264 is divided by 1340.
724
What is the remainder when 7699683 is divided by 1055?
293
What is the remainder when 2047157 is divided by 1162?
875
What is the remainder when 106195425 is divided by 628?
625
What is the remainder when 122982 is divided by 533?
392
What is the remainder when 2814857 is divided by 4195?
12
What is the remainder when 4003659 is divided by 9626?
8869
Calculate the remainder when 1252834 is divided by 417592.
58
What is the remainder when 256692 is divided by 42?
30
Calculate the remainder when 3584468 is divided by 17485.
43
Calculate the remainder when 8752213 is divided by 421.
44
What is the remainder when 930581 is divided by 28198?
47
Calculate the remainder when 178934 is divided by 25558.
28
Calculate the remainder when 59357 is divided by 58938.
419
What is the remainder when 32628173 is divided by 125012?
41
Calculate the remainder when 6987999 is divided by 758.
755
Calculate the remainder when 1137098 is divided by 72.
2
What is the remainder when 1416024 is divided by 42907?
93
Calculate the remainder when 3264747 is divided by 3264742.
5
What is the remainder when 208872 is divided by 7202?
14
Calculate the remainder when 1270988 is divided by 24.
20
Calculate the remainder when 111618 is divided by 18484.
714
Calculate the remainder when 60388698 is divided by 97.
87
What is the remainder when 1050815 is divided by 525400?
15
What is the remainder when 829890579 is divided by 6618?
6615
What is the remainder when 158440 is divided by 555?
265
Calculate the remainder when 331768 is divided by 3567.
37
Calculate the remainder when 354436 is divided by 2865.
2041
What is the remainder when 86087 is divided by 276?
251
Calculate the remainder when 3195562 is divided by 503.
3
What is the remainder when 178107289 is divided by 20524?
17
Calculate the remainder when 28051706 is divided by 981.
11
What is the remainder when 392409 is divided by 43552?
441
What is the remainder when 780694 is divided by 260229?
7
What is the remainder when 721337 is divided by 4684?
1
Calculate the remainder when 1764335 is divided by 185.
175
Calculate the remainder when 178441 is divided by 1330.
221
Calculate the remainder when 333922 is divided by 6.
4
What is the remainder when 25253469 is divided by 209?
208
Calculate the remainder when 7656981 is divided by 10223.
10177
What is the remainder when 131445 is divided by 7260?
765
What is the remainder when 1034288954 is divided by 8047?
8044
What is the remainder when 2682803 is divided by 12363?
32
What is the remainder when 3519574 is divided by 9?
7
What is the remainder when 1431585 is divided by 1431572?
13
Calculate the remainder when 20214692 is divided by 2887812.
8
What is the remainder when 2749445 is divided by 5?
0
Calculate the remainder when 661334588 is divided by 10262.
10260
Calculate the remainder when 5105536 is divided by 99.
7
What is the remainder when 71206536 is divided by 87?
81
What is the remainder when 681416 is divided by 11?
10
What is the remainder when 93196 is divided by 46494?
208
Calculate the remainder when 594547278 is divided by 536.
534
What is the remainder when 115832 is divided by 57556?
720
Calculate the remainder when 754377 is divided by 427.
295
What is the remainder when 591156 is divided by 147432?
1428
What is the remainder when 684755 is divided by 136654?
1485
What is the remainder when 20119845 is divided by 2552?
2429
Calculate the remainder when 8140585 is divided by 949.
63
What is the remainder when 173874 is divided by 42183?
5142
Calculate the remainder when 115072 is divided by 3194.
88
Calculate the remainder when 1438850 is divided by 736.
706
What is the remainder when 103282 is divided by 251?
121
Calculate the remainder when 199729389 is divided by 118.
111
What is the remainder when 37381 is divided by 1336?
1309
What is the remainder when 40095 is divided by 1253?
1252
What is the remainder when 8366 is divided by 117?
59
Calculate the remainder when 184439812 is divided by 1677.
1675
What is the remainder when 11412 is divided by 11371?
41
What is the remainder when 116883 is divided by 2847?
156
Calculate the remainder when 14712 is divided by 3422.
1024
What is the remainder when 87388554 is divided by 2287?
2284
Calculate the remainder when 5036234 is divided by 2518116.
2
Calculate the remainder when 19004582 is divided by 43992.
38
What is the remainder when 5751717 is divided by 45?
42
Calculate the remainder when 1399773 is divided by 1099.
746
What is the remainder when 41597799 is divided by 23?
22
What is the remainder when 1148975 is divided by 404?
403
Calculate the remainder when 8130780 is divided by 344.
340
What is the remainder when 199520 is divided by 927?
215
Calculate the remainder when 40528 is divided by 10045.
348
Calculate the remainder when 2837999 is divided by 2837971.
28
What is the remainder when 242968 is divided by 18650?
518
What is the remainder when 16862 is divided by 1655?
312
What is the remainder when 101107 is divided by 33490?
637
Calculate the remainder when 7649315 is divided by 670.
595
Calculate the remainder when 2696445 is divided by 274.
11
Calculate the remainder when 6681027 is divided by 22495.
12
Calculate the remainder when 52098133 is divided by 465.
463
Calculate the remainder when 498198620 is divided by 22.
18
Calculate the remainder when 668153 is divided by 117.
83
What is the remainder when 34887 is divided by 8490?
927
What is the remainder when 28461 is divided by 3904?
1133
What is the remainder when 148657 is divided by 3917?
3728
What is the remainder when 316848 is divided by 3643?
3550
Calculate the remainder when 347292 is divided by 799.
526
What is the remainder when 27891 is divided by 13355?
1181
What is the remainder when 3337185 is divided by 333718?
5
What is the remainder when 271665 is divided by 4